{"id":580,"date":"2021-02-22T18:50:49","date_gmt":"2021-02-22T18:50:49","guid":{"rendered":"https:\/\/electro-cabarete.com\/?page_id=580"},"modified":"2021-02-23T15:22:11","modified_gmt":"2021-02-23T15:22:11","slug":"servicios","status":"publish","type":"page","link":"https:\/\/electro-cabarete.com\/index.php\/es\/servicios\/","title":{"rendered":"Servicios"},"content":{"rendered":"<div class=\"wpb-content-wrapper\"><p>[vc_row css_animation=&#8221;&#8221; row_type=&#8221;row&#8221; use_row_as_full_screen_section=&#8221;no&#8221; type=&#8221;grid&#8221; angled_section=&#8221;no&#8221; text_align=&#8221;center&#8221; background_image_as_pattern=&#8221;without_pattern&#8221; css=&#8221;.vc_custom_1456908710304{padding-top: 112px !important;padding-bottom: 60px !important;}&#8221;][vc_column offset=&#8221;vc_col-lg-offset-3 vc_col-lg-6&#8243;][vc_column_text]<\/p>\n<h2>Servicios<\/h2>\n<p>[\/vc_column_text][vc_separator type=&#8221;transparent&#8221; up=&#8221;20&#8243; down=&#8221;0&#8243;][vc_column_text]<\/p>\n<h3>Ubicados en el coraz\u00f3n de la costa norte de la Rep\u00fablica Dominicana, estamos disponibles para manejar todas sus necesidades el\u00e9ctricas de manera r\u00e1pida y eficiente.<\/h3>\n<p>[\/vc_column_text][\/vc_column][\/vc_row][vc_row css_animation=&#8221;&#8221; row_type=&#8221;row&#8221; use_row_as_full_screen_section=&#8221;no&#8221; type=&#8221;grid&#8221; angled_section=&#8221;no&#8221; text_align=&#8221;left&#8221; background_image_as_pattern=&#8221;without_pattern&#8221; css=&#8221;.vc_custom_1458125096985{padding-bottom: 150px !important;}&#8221;][vc_column]<div class='cover_boxes' data-active-element='1'><ul class='clearfix'><li><div class='box'><a itemprop='url' class='thumb' href='https:\/\/electro-cabarete.com\/index.php\/es\/contacto\/' target='_self'><img itemprop='image' alt='Aire acondicionado' src='https:\/\/electro-cabarete.com\/wp-content\/uploads\/2021\/02\/aircon.jpg' \/><\/a><div class='box_content'><h3 >Aire acondicionado<\/h3><p >Estamos especializados en instalaciones y mantenimiento de A\/A.<\/p><a itemprop='url' class='qbutton tiny' href='https:\/\/electro-cabarete.com\/index.php\/es\/contacto\/' target='_self'>CONTACTO<\/a><\/div><\/div><\/li><li><div class='box'><a itemprop='url' class='thumb' href='https:\/\/electro-cabarete.com\/index.php\/es\/contacto\/' target='_self'><img itemprop='image' alt='Fotovoltaico' src='https:\/\/electro-cabarete.com\/wp-content\/uploads\/2021\/02\/shutterstock_1349315171-scaled.jpg' \/><\/a><div class='box_content'><h3 >Fotovoltaico<\/h3><p >planificaci\u00f3n y ejecuci\u00f3n de energ\u00eda fotovoltaica (sistema solar) on or off grid<\/p><a itemprop='url' class='qbutton tiny' href='https:\/\/electro-cabarete.com\/index.php\/es\/contacto\/' target='_self'>CONTACTO<\/a><\/div><\/div><\/li><li><div class='box'><a itemprop='url' class='thumb' href='https:\/\/electro-cabarete.com\/index.php\/es\/contacto\/' target='_self'><img itemprop='image' alt='Consulta' src='https:\/\/electro-cabarete.com\/wp-content\/uploads\/2021\/02\/Fit6.jpg' \/><\/a><div class='box_content'><h3 >Consulta<\/h3><p >Si no est\u00e1 seguro de qu\u00e9 hardware se adapta mejor a usted, lo ayudamos.<\/p><a itemprop='url' class='qbutton tiny' href='https:\/\/electro-cabarete.com\/index.php\/es\/contacto\/' target='_self'>CONTACTO<\/a><\/div><\/div><\/li><\/ul><\/div>[vc_separator type=&#8221;transparent&#8221; thickness=&#8221;0&#8243; up=&#8221;0&#8243; down=&#8221;32&#8243;]<div class='cover_boxes' data-active-element='2'><ul class='clearfix'><li><div class='box'><a itemprop='url' class='thumb' href='https:\/\/electro-cabarete.com\/index.php\/es\/contacto\/' target='_self'><img itemprop='image' alt='Instalaciones el\u00e9ctricas' src='https:\/\/electro-cabarete.com\/wp-content\/uploads\/2021\/02\/Fit4-scaled.jpg' \/><\/a><div class='box_content'><h3 >Instalaciones el\u00e9ctricas<\/h3><p >planificaci\u00f3n y ejecuci\u00f3n de instalaciones el\u00e9ctricas dom\u00e9sticas o comerciales<\/p><a itemprop='url' class='qbutton tiny' href='https:\/\/electro-cabarete.com\/index.php\/es\/contacto\/' target='_self'>CONTACTO<\/a><\/div><\/div><\/li><li><div class='box'><a itemprop='url' class='thumb' href='https:\/\/electro-cabarete.com\/index.php\/es\/contacto\/' target='_self'><img itemprop='image' alt='Bombas solares piscinas' src='https:\/\/electro-cabarete.com\/wp-content\/uploads\/2021\/02\/SolarPumps-2.jpg' \/><\/a><div class='box_content'><h3 >Bombas solares piscinas<\/h3><p >Instalamos y mantenemos bombas solares para piscinas<\/p><a itemprop='url' class='qbutton tiny' href='https:\/\/electro-cabarete.com\/index.php\/es\/contacto\/' target='_self'>CONTACTO<\/a><\/div><\/div><\/li><li><div class='box'><a itemprop='url' class='thumb' href='https:\/\/electro-cabarete.com\/index.php\/es\/contacto\/' target='_self'><img itemprop='image' alt='Agua Caliente' src='https:\/\/electro-cabarete.com\/wp-content\/uploads\/2021\/02\/SolarPanel-2-scaled.jpg' \/><\/a><div class='box_content'><h3 >Agua Caliente<\/h3><p >Sistemas de agua caliente por caldera o calefacci\u00f3n continua<\/p><a itemprop='url' class='qbutton tiny' href='https:\/\/electro-cabarete.com\/index.php\/es\/contacto\/' target='_self'>CONTACTO<\/a><\/div><\/div><\/li><\/ul><\/div>[\/vc_column][\/vc_row]<\/p>\n<\/div>","protected":false},"excerpt":{"rendered":"<p>[vc_row css_animation=&#8221;&#8221; row_type=&#8221;row&#8221; use_row_as_full_screen_section=&#8221;no&#8221; type=&#8221;grid&#8221; angled_section=&#8221;no&#8221; text_align=&#8221;center&#8221; background_image_as_pattern=&#8221;without_pattern&#8221; css=&#8221;.vc_custom_1456908710304{padding-top: 112px !important;padding-bottom: 60px !important;}&#8221;][vc_column offset=&#8221;vc_col-lg-offset-3 vc_col-lg-6&#8243;][vc_column_text] Servicios [\/vc_column_text][vc_separator type=&#8221;transparent&#8221; up=&#8221;20&#8243; down=&#8221;0&#8243;][vc_column_text] Ubicados en el coraz\u00f3n de la costa norte de la Rep\u00fablica Dominicana, estamos disponibles para manejar todas sus necesidades el\u00e9ctricas de manera r\u00e1pida y eficiente&#8230;.<\/p>\n","protected":false},"author":1,"featured_media":0,"parent":0,"menu_order":0,"comment_status":"closed","ping_status":"closed","template":"full_width.php","meta":{"footnotes":""},"class_list":["post-580","page","type-page","status-publish","hentry"],"_links":{"self":[{"href":"https:\/\/electro-cabarete.com\/index.php\/wp-json\/wp\/v2\/pages\/580","targetHints":{"allow":["GET"]}}],"collection":[{"href":"https:\/\/electro-cabarete.com\/index.php\/wp-json\/wp\/v2\/pages"}],"about":[{"href":"https:\/\/electro-cabarete.com\/index.php\/wp-json\/wp\/v2\/types\/page"}],"author":[{"embeddable":true,"href":"https:\/\/electro-cabarete.com\/index.php\/wp-json\/wp\/v2\/users\/1"}],"replies":[{"embeddable":true,"href":"https:\/\/electro-cabarete.com\/index.php\/wp-json\/wp\/v2\/comments?post=580"}],"version-history":[{"count":5,"href":"https:\/\/electro-cabarete.com\/index.php\/wp-json\/wp\/v2\/pages\/580\/revisions"}],"predecessor-version":[{"id":642,"href":"https:\/\/electro-cabarete.com\/index.php\/wp-json\/wp\/v2\/pages\/580\/revisions\/642"}],"wp:attachment":[{"href":"https:\/\/electro-cabarete.com\/index.php\/wp-json\/wp\/v2\/media?parent=580"}],"curies":[{"name":"wp","href":"https:\/\/api.w.org\/{rel}","templated":true}]}}